 - 29. Calculate b(7).
-15
Let y(u) = 2*u - 36. Calculate y(19).
2
Let a(q) = -q**3 + 7*q**2 - 8*q + 4. Determine a(6).
-8
Let d(n) = -n**3 - 17*n**2 - 16*n - 6. Calculate d(-16).
-6
Let x(q) = 2*q + 34. Determine x(0).
34
Let n(g) = g**3 - g**2 - 5*g - 2. Determine n(4).
26
Let m(r) = r**2 - r + 2. What is m(-2)?
8
Let b(y) = -2*y**3 - 9*y**2 - 2*y + 10. Determine b(-4).
2
Let w(k) = k**2 + 4*k + 5. Determine w(-3).
2
Let l(h) = 16*h + 636. Determine l(-40).
-4
Let o(y) = -y**2 + 12*y - 13. Calculate o(11).
-2
Let r(a) = -4*a**2 - 4. Determine r(3).
-40
Let j(r) = r**3 + 9*r**2 + 10*r + 10. Give j(-9).
-80
Let q(s) = 4*s**2 + 14*s + 6. Determine q(-4).
14
Let n(p) = -p**3 - 6*p**2 + 2*p + 9. Determine n(-7).
44
Let a(l) = -l**2 - 5*l - 2. Determine a(3).
-26
Let h(c) = c**3 - 12*c**2 + 9*c + 18. Give h(11).
-4
Let m(g) = -29*g + 1. What is m(1)?
-28
Let p(f) = f**3 + 5*f**2 + f - 8. Determine p(-4).
4
Let b(w) = 3*w**2 - 48*w + 37. Give b(15).
-8
Let f(h) = -h**2 + 11*h - 20. Calculate f(9).
-2
Let q(z) = 19*z + 11. Calculate q(-3).
-46
Let p(u) = u**2 + 11*u. Give p(-8).
-24
Let n(z) = -14*z**2 + 14*z + 3. What is n(-3)?
-165
Let m(u) = -u**3 - 4*u**2 + 21*u + 48. Determine m(-2).
-2
Let q(c) = -16*c - 49. What is q(-5)?
31
Let z(o) = -4*o - 17. Give z(-9).
19
Let f(x) = -2*x**2 + 12*x + 33. Give f(8).
1
Let d(g) = -g**3 - 11*g**2 - 12*g - 17. Determine d(-10).
3
Let j(h) = -5*h - 14. Calculate j(-4).
6
Let u(h) = -2*h - 13. Calculate u(26).
-65
Let v(i) = i**2 - 3*i - 9. Determine v(4).
-5
Let g(p) = 3*p - 1. What is g(-6)?
-19
Let z(a) = -a**3 + 8*a**2 - 4*a + 4. Give z(7).
25
Let h(y) = 15*y + 5. Give h(-4).
-55
Let i(v) = -20*v + 1124. Determine i(56).
4
Let k(l) = -2*l**3 + l - 5. Calculate k(0).
-5
Let y(l) = -2*l**2 + 9*l + 59. What is y(8)?
3
Let u(s) = -s**3 - 7*s**2 + 22*s + 105. Determine u(-8).
-7
Let l(j) = 12*j - 8. What is l(1)?
4
Let w(g) = g**3 + 6*g**2 - g - 8. Give w(-2).
10
Let a(h) = h**3 - 5*h**2 + 6*h - 1. Give a(4).
7
Let u(g) = -g**3 - 10*g**2 - g - 6. What is u(-10)?
4
Let c(s) = s + 2. What is c(1)?
3
Let s(z) = -z**3 - 22*z**2 + 166*z - 52. Calculate s(-28).
4
Let i(p) = 31*p**2 + p + 1. Determine i(-1).
31
Let v(x) = -x**3 - 9*x**2 - 10*x - 10. Determine v(-7).
-38
Let v(n) = -8*n + 19. Calculate v(6).
-29
Let i(h) = -h**2 - 24*h - 22. Determine i(-1).
1
Let d(s) = -s**3 - 17*s**2 - 21*s - 39. Give d(-16).
41
Let q(m) = m**2 + m - 7. Calculate q(-5).
13
Let s(w) = 8*w**3 + 5*w**2 + 2*w - 5. Give s(-2).
-53
Let o(q) = q**3 - 18*q**2 + 19*q - 32. Determine o(17).
2
Let g(c) = 18*c + 8. Give g(-3).
-46
Let f(l) = 5*l**3 + l**2 - 2*l + 1. Determine f(1).
5
Let g(w) = -8*w - 20. Determine g(-5).
20
Let a(f) = -f**2 + 3*f + 12. Determine a(5).
2
Let r(u) = -u**3 + 11*u**2 + 42*u - 5. Calculate r(14).
-5
Let m(s) = -s**2 + 12*s - 17. What is m(12)?
-17
Let x(v) = 2*v**3 - 6*v**2 - 3*v + 1. Determine x(3).
-8
Let f(j) = -4*j - 36. Calculate f(-15).
24
Let b(j) = j - 12. Give b(12).
0
Let m(p) = p**2 - 2*p - 5. Calculate m(5).
10
Let m(k) = k**2 - 13*k + 17. Give m(11).
-5
Let q(g) = g**2 + 15*g - 26. Give q(-19).
50
Let a(l) = 5*l - 57. Give a(15).
18
Let r(u) = u - 12. Give r(15).
3
Let v(y) = 2*y + 14. Calculate v(-6).
2
Let h(v) = -v**2 - 3*v + 6. What is h(-6)?
-12
Let j(t) = -t**2 - 10*t - 7. What is j(-10)?
-7
Let j(g) = g**2 - 3*g - 41. Give j(-5).
-1
Let o(v) = 70*v + 344. What is o(-5)?
-6
Let m(v) = -63*v**2 + v + 1. Give m(-1).
-63
Let a(c) = 98*c - 396. Calculate a(4).
-4
Let y(l) = l**3 + 6*l**2 - 10*l + 10. Determine y(3).
61
Let i(v) = -4*v - 2. Calculate i(-4).
14
Let k(p) = -16*p + 27. Determine k(4).
-37
Let p(g) = 14*g + 27. Determine p(6).
111
Let l(t) = -t**2 - 19*t - 45. Calculate l(-16).
3
Let y(n) = 3*n + 33. What is y(-12)?
-3
Let j(l) = -41*l + 7. What is j(2)?
-75
Let d(t) = 3*t - 2. Calculate d(1).
1
Let t(j) = j**2 + j - 11. Determine t(0).
-11
Let n(l) = 2*l**2 - 2*l - 18. Determine n(5).
22
Let a(s) = -5*s - 14. Determine a(0).
-14
Let v(d) = -4*d + 3. What is v(-7)?
31
Let a(x) = -x**3 - 13*x**2 - 38*x - 12. Give a(-4).
-4
Let z(t) = 32*t - 556. Calculate z(17).
-12
Let v(w) = w**3 - 7*w**2 - 2*w - 1. Calculate v(8).
47
Let k(x) = 5*x + 44. Give k(-10).
-6
Let r(t) = 2*t - 30. Calculate r(14).
-2
Let b(s) = s**3 + 7*s**2 + s + 3. Give b(-7).
-4
Let x(t) = 2*t**3 - 24*t**2 + 19*t + 33. Calculate x(11).
0
Let d(c) = -c + 8. What is d(3)?
5
Let s(f) = 7*f + 3. Give s(-1).
-4
Let q(j) = 11*j + 4. What is q(-7)?
-73
Let p(g) = 13*g**2 - 8*g - 11. Determine p(-1).
10
Let q(b) = -b**3 - 12*b**2 + 22*b + 7. Give q(2).
-5
Let i(o) = -4*o - 189. Give i(-48).
3
Let o(y) = 5*y - 2. Give o(-5).
-27
Let b(t) = -t**3 - 13*t**2 + 2*t - 17. Calculate b(-13).
-43
Let n(t) = 27*t**2 + 1. Calculate n(-1).
28
Let k(l) = l + 1. What is k(-2)?
-1
Let r(u) = -2*u**3 - 4*u**2 + 6*u - 4. Calculate r(-4).
36
Let f(b) = 2*b + 14. Calculate f(-7).
0
Let d(a) = -a + 3. Give d(-5).
8
Let r(f) = 6*f - 88. Determine r(16).
8
Let b(s) = -2*s**2 + 66*s + 55. Determine b(34).
-13
Let y(x) = x**2 + 7*x - 9. What is y(-8)?
-1
Let s(r) = -6*r - 3. What is s(8)?
-51
Let h(s) = -6*s + 5. Calculate h(9).
-49
Let n(s) = s**2 - 16*s - 41. Calculate n(20).
39
Let v(y) = 2*y**2 - 17*y - 64. Calculate v(-4).
36
Let c(i) = -i**3 + 8*i**2 - 5*i - 4. Determine c(7).
10
Let c(u) = u**2 - 25*u - 15. What is c(0)?
-15
Let g(i) = -i**3 - 13*i**2 - 10*i + 18. Calculate g(-12).
-6
Let l(j) = 2*j**3 - 3*j**2 + j - 2. What is l(2)?
4
Let w(i) = 22*i - 183. Determine w(9).
15
Let f(g) = g**2 - 20*g + 22. Determine f(18).
-14
Let g(j) = j**3 - 11*j**2 + 19*j - 3. Give g(9).
6
Let k(u) = -62*u + 113. Calculate k(2).
-11
Let s(g) = -48*g**3 + g**2 + 3*g + 1. Determine s(-1).
47
Let g(t) = -t**3 - 12*t**2 - 16*t - 62. What is g(-11)?
-7
Let z(t) = 5*t**3 + 2*t + 1. Calculate z(-1).
-6
Let n(w) = 28*w + 105. Give n(-4).
-7
Let i(b) = b**2 - 8*b - 1. Determine i(4).
-17
Let v(r) = r**2 - 20*r + 24. Calculate v(17).
-27
Let v(g) = 2*g**2 + 36*g + 7. Determine v(-18).
7
Let p(z) = -z**2 - 12*z - 13. Give p(-10).
7
Let y(c) = -c**3 + 3*c**2 - 2*c - 22. What is y(0)?
-22
Let y(l) = -l**3 - l**2 + 3. Calculate y(-3).
21
Let p(w) = w**2 + 2*w - 27. Give p(7).
36
Let o(c) = -c**2 - 13*c - 13. Calculate o(-13).
-13
Let u(o) = -o**3 - 2*o**2 + 11*o + 6. What is u(-4)?
-6
Let z(w) = -w**2 + 25*w - 48. Calculate z(23).
-2
Let b(n) = -5*n + 13. Determine b(2).
3
Let d(a) = -13*a + 32. Calculate d(4).
-20
Let a(o) = o**3 - 13*o**2 - 8*o + 235. Determine a(12).
-5
Let a(j) = -2*j**2 + 6*j + 18. Determine a(6).
-18
Let p(h) = -26*h**3 + 2*h + 1. Determine p(-1).
25
Let v(m) = 9*m - 13. Determine v(2).
5
Let o(s) = 2*s - 58. Determine o(10).
-38
Let w(v) = 2*v**3 - 4*v**2 + v - 10. What is w(5)?
145
Let i(v) = 26*v - 3. What is i(1)?
23
Let h(u) = 32*u - 1. Give h(-1).
-33
Let y(k) = -2*k**3 + 8*k**2 - 8*k + 11. Calculate y(5).
-79
Let r(h) = -14*h**2 - 57*h + 7. Give r(-4).
11
Let c(b) = -b**3 - 11*b**2 - 7*b + 20. What is c(-10)?
-10
Let g(j) = j**3 + 24*j**2 + 23*j - 4. What is g(-23)?
-4
Let i(d) = 8*d**3 - d - 2. Give i(-1).
-9
Let r(t) = t**2 + 3*t - 9. Determine r(-5).
1
Let m(o) = 6*o**2 + 46*o + 6. Give m(-8).
22
Let c(m) = -m**3 - 8*m**2 - 1. Determine c(-8).
-1
Let l(z) = 2*z - 2. Give l(0).
-2
Let l(x) = -12*x + 37. Give l(3).
1
Let i(k) = 7*k**2 + 2. Give i(-2).
30
Let p(j) = 2*j**2 - 13*j + 12. Determine p(6).
6
Let x(i) = 34*i**3 - i**2 - 2*i - 1. Determine x(-1).
-34
Let o(a) = 2*a**2 - 5*a + 6. Calculate o(3).
9
Let h(a) = -2*a + 1. Give h(6).
-11
Let n(d) = 2*d + 85. What is n(-25)?
35
Let j(f) = f**3 - 6*f**2 + 2*f + 1. Determine j(5).
-14
Let m(p) = p**3 + p**2 + 2*p - 2. What is m(0)?
-2
Let p(h) = -15*h + 2. Determine p(2).
-28
Let y(b) = b**2 - 9*b - 23. Determine y(11).
-1
Let d(m) = -m**2 + 10*m + 34. What is d(16)?
-62
Let r(c) = -32*c - 22. What is r(2)?
-86
Let r(t) = 4*t + 5. What is r(-7)?
-23
Let l(v) = v**3 - 3*v**2 + 15*v - 12. Determine l(1).
1
Let j(o) = -5*o**2 - 2*o + 4. Calculate j(2).
-20
Let d(w) = -w**2 + 44*w - 386. Give d(32).
-2
Let n(v) = 5*v - 79. Determine n(15).
-4
Let u(b) = b**2 - 47*b - 93. What is u(49)?
5
Let g(c) = c**3 - 3*c**2 + 2. Give g(2).
-2
Let f(a) = -a + 19. What is f(11)?
8
Let r(c) = 2*c - 6. What is